 = 5*v + 3, 2*r + 36 = 4*v. What is the remainder when v is divided by l?
3
Let n = -48 - -46. What is the remainder when (-183)/3*-1 + n is divided by 16?
11
Let o(h) = h**2 + 4*h + 2. Let z be (0/(-4))/(-2)*-1. Suppose z = -3*g - 9 + 126. Calculate the remainder when g is divided by o(-6).
11
Let g = 1214 + -1121. What is the remainder when 270 is divided by g?
84
Let p(r) = r**3 + 45*r**2 - 93*r + 70. Calculate the remainder when 67 is divided by p(-47).
21
Let u be -3 + (-4)/8*-110. Let j = u - -4. Suppose 2*a + 2*a = j. Calculate the remainder when 25 is divided by a.
11
Suppose 48*b - 21 = 49*b. Let j = b - -31. Calculate the remainder when 4/14 - (-372)/21 is divided by j.
8
Let p = 761 + -523. What is the remainder when p is divided by 30?
28
Suppose 0 = -0*v - 7*v + 126. Let c = 234 - 165. Calculate the remainder when c is divided by v.
15
Let d(n) = -148*n + 117. Calculate the remainder when d(-4) is divided by 89.
86
Let a = 3 + -5. Let c be (a/6)/(1/(-6)). Suppose 13 = c*z - 9. Calculate the remainder when 21 is divided by z.
10
Let g = -106 + 99. Suppose -2*h + 5*c = -11 - 20, 24 = 2*h + 2*c. Let t = h + g. Calculate the remainder when 15 is divided by t.
3
Let j(l) = 2*l**2 + 15*l - 7. Let s be j(-8). What is the remainder when (s/(-2))/(9/18) + 68 is divided by 18?
13
Let t(n) = 6*n**3 + 5*n**2 + 5*n. Let y(v) = -7*v**3 - 4*v**2 - 5*v - 1. Let g(w) = 6*t(w) + 5*y(w). What is the remainder when g(-8) is divided by 21?
20
Suppose -3*n - 1 = 5. Let c(s) = -s**2 - 6*s + 1. What is the remainder when (13/(-2) - -6) + (-5)/n is divided by c(-6)?
0
Suppose 5*f = 4*k + 109, -3*f + 5*f = -3*k + 39. Suppose -8*m + 4*m = -256. Let l = 17 + m. What is the remainder when l is divided by f?
18
Suppose -3*d + 148 = 5*p, 26 = -2*p + 3*p - 3*d. Calculate the remainder when p is divided by 18.
11
Let q(m) = -m**3 + 29*m**2 + 3*m - 51. What is the remainder when 70 is divided by q(29)?
34
Let y be 3206/49 + 6/(-14). Suppose -3*f - t + 54 = -y, -4*t - 170 = -5*f. What is the remainder when 110 is divided by f?
34
Let t = 174 - 123. What is the remainder when 407 is divided by t?
50
Let b = 38 - 67. Let j = b + 43. Calculate the remainder when j is divided by 5.
4
Suppose n = -3 + 9. Suppose -n*y = -15*y + 414. Calculate the remainder when y is divided by 8.
6
Let l = 16 + 44. Calculate the remainder when 168 is divided by l.
48
Let i(w) = w**2 + w + 3. Let a be i(0). Let b = -76 + 80. What is the remainder when (a/(-3))/(2/(-20)) is divided by b?
2
Let w be (176/(-55))/((-2)/55). Let r = 93 - w. Calculate the remainder when 34 is divided by r.
4
Let i(m) = -12*m - 14. Let k = -55 + 49. Calculate the remainder when i(k) is divided by 10.
8
Let g = 63 + -58. Suppose -5 = -t, 5*j + 0*j = 2*t. Let n(q) = 5*q**2 - 4*q + 2. What is the remainder when n(j) is divided by g?
4
Let h(x) = 3*x - 2. Let a be h(4). Let c be 0 + (-5)/(a/(-12)). Suppose -2*s = c, -3*s = -5*v + 17 + 32. Calculate the remainder when 29 is divided by v.
5
Let t = 63 - 58. Calculate the remainder when t/((-10)/(-548))*(-6)/(-12) is divided by 35.
32
Let v be 0/(-1) + 2*2. Suppose -10*n - 384 = -14*n. Suppose -v*w + n = -80. Calculate the remainder when w is divided by 15.
14
Suppose -1340 = -13*q + 675. Calculate the remainder when q is divided by 41.
32
Let d be ((-2)/7)/((-4)/14). Let c(x) = 34*x**3 + 3*x**2 - x - 1. What is the remainder when c(d) is divided by 12?
11
Suppose -2*n - 5*i = 2*n - 548, 0 = 4*i + 16. Calculate the remainder when n is divided by 4.
2
Let p = -276 - -386. What is the remainder when p is divided by 56?
54
Suppose -g = i - 0*i + 1, -15 = 3*i. Let o = 70 - 31. Suppose -g*a = -6*a + p + o, 3*p = 9. Calculate the remainder when a is divided by 12.
9
Let b = 177 - 166. Let c(t) = 9*t - 3. Calculate the remainder when c(6) is divided by b.
7
Let m = 67 + -144. Let b = 88 + m. Let i(j) = 7*j**2 - 3*j - 2. Calculate the remainder when i(-2) is divided by b.
10
Let p(k) be the third derivative of k**4/6 - k**3/6 - 4*k**2. Suppose -4*u = -m - 3*m + 56, 4*m - 36 = -u. Calculate the remainder when m is divided by p(1).
1
Let c(j) = -j**2 + j + 42. Suppose -3*m + 22 = -m. What is the remainder when c(0) is divided by m?
9
Suppose 26*n - 28*n - 4*d + 128 = 0, -4*d = 5*n - 296. Calculate the remainder when n is divided by (-1)/3 + (-31)/(-3).
6
Suppose -4*y + s + s = -18, 2*s + 13 = 3*y. Suppose 20 + y = 5*n. What is the remainder when 8 is divided by n?
3
Suppose -1937 - 598 = -15*w. Suppose 4*t + 0*t + h = w, -t - 2*h = -37. Calculate the remainder when t is divided by 9.
7
Let w(x) = -45*x - 4169. Let l = 4 - 1. Suppose -101 = -l*d + 28. What is the remainder when d is divided by w(-93)?
11
Suppose -44*f + 38*f = -420. What is the remainder when f is divided by 36?
34
Suppose -14*i - 4*q = -9*i - 253, 3*q - 256 = -5*i. Calculate the remainder when 57 is divided by i.
4
Let c(z) = -4*z + 27. Let l be c(6). Suppose -5*d = -5*w - l*d + 101, 5*w = -3*d + 111. What is the remainder when 59 is divided by w?
17
Let m be 9 + -5 + -1*1. Suppose -3*s = m*s - 954. Calculate the remainder when s is divided by 40.
39
Suppose -2*y = -5*l + 51, l + 5 = -5*y - 1. Let g(s) = 52*s**3 + s**2 - s + 1. Calculate the remainder when g(1) is divided by l.
8
Let h(p) = 3*p + 35. Let a be h(-15). What is the remainder when -32*a/15*3 is divided by 13?
12
Suppose -23*l + 41*l - 1080 = 0. What is the remainder when 418 is divided by l?
58
Let d = 27 + -15. Calculate the remainder when (-8)/16*(0 + -42) is divided by d.
9
Let l(z) = z**3 + 16*z**2 - 23*z - 25. What is the remainder when l(-17) is divided by (5/3 - 3)*-15?
17
Let w = 30 - 27. Suppose -w + 1 = 2*j, -b - 5*j + 57 = 0. What is the remainder when b is divided by 32?
30
Let r = -385 - -434. Calculate the remainder when r is divided by 19.
11
Suppose 3*a + a = 0. Suppose a = -0*v + 4*v - 8. Let o = -44 - -46. What is the remainder when o is divided by v?
0
What is the remainder when (-13 - (-5 + 1)) + 975 is divided by 8?
6
Calculate the remainder when 455 is divided by 14168/280 - 4/(-10).
47
Let t(x) = -4*x + 21. What is the remainder when 162 is divided by t(-5)?
39
Let r = 116 + -104. Suppose 0 = -r*u + 15*u - 6. Calculate the remainder when 3 is divided by u.
1
Let i(s) = -s**2 - 16*s - 11. Let y be i(-15). Suppose -l - y*h + 83 = 2*l, -68 = -3*l - h. Calculate the remainder when 80 is divided by l.
17
Let j = 60 + -44. What is the remainder when 68 is divided by j?
4
Let w(p) = 58*p - 488. Suppose -5*d = -11 - 24. Calculate the remainder when w(9) is divided by d.
6
Suppose 4*w - 2*w - 19 = -5*m, 0 = -3*m + 9. Suppose 21 = w*y - 5*d, y - 6*d - 12 = -5*d. Calculate the remainder when 40 is divided by y.
1
Suppose -5*q = -2*q - 9. Let d(w) = 1 + 0 - 1 - 3*w + q. What is the remainder when d(-2) is divided by 5?
4
Let f = -32 - -40. Suppose f = 4*b - 8. Calculate the remainder when 15 is divided by b.
3
Let o(y) = y**3 + 8*y**2 - 7*y - 3. Let b be o(-7). Suppose 3*v = -0*t - 3*t + 69, 0 = 5*t + v - b. Calculate the remainder when 89 is divided by t.
17
Let l be 89/2*3*74/111. Let s = l + -42. What is the remainder when s is divided by 8?
7
Let k = -116 - -116. Suppose -5*n + c + c + 106 = k, -2*n = -2*c - 46. What is the remainder when n is divided by 13?
7
Let k be 8 - (4/(-16) + (-1)/(-4)). Let j = k - -35. Calculate the remainder when j is divided by 12.
7
Suppose 20 = 4*y - 3*y. Let s(f) = f + 2. Let b be s(-3). What is the remainder when y is divided by 16/(-56) - b*(-51)/(-7)?
6
What is the remainder when 320 is divided by -19*(9 + 9 + -19)?
16
Let r = -131 - -137. Suppose 9*o - r*o = 42. What is the remainder when 55 is divided by o?
13
Suppose 2*c + 0*c - 22 = 0. Suppose -c = w - 22. What is the remainder when -129*((-4)/3 - -1) is divided by w?
10
Suppose -4*u + 174 = -3*l, -2*l + 3*l + 223 = 5*u. Let k = u + -31. Calculate the remainder when k is divided by 4.
2
Suppose -5*n = 5*u - 80, 10 = u + 4*u. What is the remainder when 122 is divided by n?
10
Calculate the remainder when (-56)/(-2) + (3 - 2) is divided by 19 + (-7 - 10 - -6).
5
Suppose 15 = 7*q - 356. Suppose 0 = -5*y + 4*p + q, 0 = -0*y - 4*y + p + 38. Calculate the remainder when 30 is divided by y.
3
Let w(m) = -2*m**2 - 30*m - 20. What is the remainder wh